3*r + r, -2*m + 38 = -2*r. Suppose 4*k = -296 + 76. Let b be k/(-7) - 2/(-14). What is the highest common divisor of m and b?
4
Suppose -2 - 1 = -w. Suppose w*h = -n + 263, 0*n + 441 = 5*h - n. Suppose 4*t = 5*d + 22, 3*t + 2*d - 16 = 12. What is the greatest common factor of h and t?
8
Suppose 3*s + 4*o - 13 = 0, 9 = 4*s - o - 2. Suppose s*n - 108 = -6*n. Calculate the greatest common factor of n and 4.
4
Let m be ((-22)/4 + 0)/(1/(-12)). Calculate the highest common divisor of 88 and m.
22
Let u(i) = -i**2 - 7*i + 1. Let p be u(-7). Suppose -p = -c + 4. Suppose 4*w - 8 = m + 50, c*w = -4*m + 83. What is the greatest common factor of 60 and w?
15
Suppose 26*p - 10*p - 32 = 0. Calculate the greatest common divisor of 10 and p.
2
Let f = -188 + 206. Suppose 3*r - 2*o = 4 + 7, 0 = -3*r + 4*o + 7. Suppose -i + 6*h = h + f, 10 = -r*i + 5*h. Calculate the highest common factor of i and 1.
1
Let v be 1/(3388/3366 - (0 - -1)). What is the highest common divisor of v and 34?
17
Let o(p) = -p**3 - 9*p**2 - 8*p + 9. Let k be o(-8). Let r(g) = g**3 - 6*g**2 + 11*g - 12. Let c be r(6). What is the greatest common divisor of c and k?
9
Suppose -22 = -3*p + p. Let d = -163 + 240. What is the highest common divisor of d and p?
11
Let t(d) = -d**3 - 2*d - 3. Let w be t(4). Let m = w - -90. What is the greatest common factor of 120 and m?
15
Let t = -7 - -5. Let v be -4 + 3*t/(-1). Suppose v*g = 3*g - 3, 5*u - 180 = -5*g. What is the greatest common factor of u and 11?
11
Suppose 2*v - 578 = -4*c, 0 = -3*c + 4*c + v - 147. Let i = c - -10. Calculate the greatest common divisor of 19 and i.
19
Suppose -3*k = -9*k + 18. Let b = k - -7. Suppose -b*o = -6*o - 216. What is the greatest common factor of o and 9?
9
Let z(w) = -6*w**3 + 4*w**2 + 5*w. Let m be z(-4). What is the greatest common divisor of 4 and m?
4
Let c = -310 - -487. Suppose c - 17 = 5*a. Let v be ((-208)/12 + 14)*72/(-5). What is the greatest common divisor of v and a?
16
Let z be -5 + 6 + -2 + (2 - 0). Let y be 12 + (13 - 16)*z/3. Calculate the highest common factor of y and 55.
11
Let t(g) = 2*g**2 + g - 1. Let b be t(2). Suppose -2*v - 4 = -2*d, -27*d = -v - 28*d + 8. Calculate the greatest common factor of b and v.
3
Suppose -s + 2*c = -0*s, 2*c = -2*s + 6. Let b(n) = 255*n**2 + 1 + 20*n**s + 0 + n. Let f be b(-1). What is the highest common factor of 25 and f?
25
Let x = -19 + 31. Let d(k) = 4*k**2 + 8*k. Suppose 4*w + 22 = -2. Let v be d(w). What is the highest common factor of x and v?
12
Let l = 27 - 21. What is the greatest common divisor of 20 and l?
2
Suppose -2*r + 3*o = 11, -2*o - 3*o + 29 = 2*r. Let q be (129 - 5) + r + 0. Calculate the highest common factor of 14 and q.
14
Let j be 12*((-7)/3 - 0)*-2. What is the highest common factor of 21 and j?
7
Let b = 79 - -71. What is the highest common factor of 20 and b?
10
Let s be (-1)/(0 + 3/45). Let a(f) = -4*f - 9. Let d be a(s). What is the greatest common factor of 34 and d?
17
Suppose 39 = 3*q + c - 19, -98 = -5*q - 3*c. Calculate the highest common factor of q and 76.
19
Suppose -5*a + 1172 = 222. Let f(m) = 5*m - 76. Let q be f(19). What is the highest common factor of a and q?
19
Suppose -c + 41 = 3*x, -72*x + 68*x - 5*c = -40. Calculate the highest common divisor of 1245 and x.
15
Let b = -209 - -234. Calculate the greatest common divisor of 100 and b.
25
Let v be 3 - (-3 - -4 - -8). Let h(a) = -a**3 - 5*a**2 - 2*a - 3. Let c be h(v). What is the highest common divisor of 5 and c?
5
Let c be ((-2)/1)/(4/(-30)). Let i = -43 + 52. Let j = i - 6. What is the highest common factor of j and c?
3
Let l = -38 + 40. Let b be ((-2)/l)/(2/(-8)). Calculate the greatest common factor of b and 12.
4
Let r be (9/(-4))/(5/20). Let j be 12/8*(-1 - r). What is the highest common divisor of j and 8?
4
Suppose -4*r = -4*l + 108 - 416, -3*l = 2*r - 134. Suppose g - 271 = -r. What is the greatest common factor of 22 and g?
22
Let z = 42 + -12. Let n = 50 - z. Suppose 0 = -c - 0*c + n. What is the greatest common factor of c and 180?
20
Let k be 32/(-5)*30/6. Let r = 45 + k. Suppose -3*a + 8 = -r. What is the highest common factor of a and 49?
7
Let l be 4/((-87)/(-42) - 2). Let p(x) = x**2 - 6*x + 13. Let k be p(6). Suppose 35 = -k*v + 18*v. What is the highest common factor of l and v?
7
Let j be 225/20 + 18/24. Suppose 24 + 28 = 4*v + 4*k, 0 = -4*v + 2*k + 22. Let l(g) = g - 5. Let y be l(v). What is the highest common divisor of j and y?
3
Suppose 5*x - 1888 = -3*x. Let t = x - 66. What is the highest common factor of t and 34?
34
Let q be 540/(-135) + 0 + 213 + 1. Calculate the highest common factor of 30 and q.
30
Let o be -13 - (-1 + 6 + -1). Let h = o + 22. Suppose 19 = h*b + 4, 3*b - 81 = -4*z. What is the highest common factor of z and 36?
18
Let l = 955 + -439. Suppose 9*o - l = 3*o. Let n = o + -2. Calculate the greatest common factor of n and 28.
28
Suppose 179 = 5*d + 124. Let l be (d/(-33))/(2/(1*-186)). What is the greatest common factor of l and 279?
31
Let g be ((-8)/12)/(1/(-24)). Suppose -54 = -7*d + g. Suppose -3*t + 5 = -2*z, t - d = -4*t + 5*z. Calculate the greatest common divisor of 5 and t.
1
Suppose 0 = -26*t + 70 + 112. Let y = 111 + -76. What is the greatest common divisor of y and t?
7
Let a = -441 - -462. Calculate the highest common factor of 581 and a.
7
Let c be ((-42)/(-4))/((-15)/40). Let y = 93 + -20. Let q = c + y. What is the greatest common divisor of 5 and q?
5
Let k = -16 + 3. Let l = k + 18. Suppose c - 2*w - 13 = -2, -8 = -c + l*w. Calculate the highest common factor of c and 104.
13
Suppose 4*l - 13 = 15. Let m(w) = -w**3 + 8*w**2 - 5*w + 16. Let c be m(l). Let j = c - 11. What is the highest common factor of j and 76?
19
Let u(b) = 20*b + 15. Let f be u(8). Calculate the greatest common factor of 25 and f.
25
Suppose 3*z - 144 = -z. Let b be (-249)/(-19) + 6/(-57) + -4. Calculate the greatest common divisor of z and b.
9
Suppose -s + 350 = s. Suppose -4*w + s = w. What is the highest common factor of 385 and w?
35
Let u be (-38 - -8)*(-150)/9. Calculate the highest common factor of u and 150.
50
Suppose -5*x + 139 = -266. Let u be -19 + 19 + -1 + x. Calculate the greatest common factor of 10 and u.
10
Let l(i) = -i**3 - 10*i**2 + 6. Let p be l(-10). Suppose 0 = -21*g + 2910 - 1020. What is the highest common divisor of g and p?
6
Suppose -6*l - 70 = 86. Let s = l + 43. Let b be 5*(0 + -17)*-1. Calculate the greatest common divisor of s and b.
17
Let q(a) = 11 + 11*a - 7 - 12 + 0*a. Let f be q(1). What is the greatest common divisor of f and 12?
3
Let m = 12 - -13. Let d be -6 - (-1 + (-1)/1). Let h = d + m. Calculate the greatest common factor of 84 and h.
21
Let u(c) = 2*c**2 + 9*c + 10. Let d be u(-7). Let h = d - 30. What is the highest common factor of h and 15?
15
Suppose t - 5 - 3 = 0. Let d be (108/t)/((-9)/(-12)). Let b be 20/(-4)*d/(-10). What is the highest common factor of 9 and b?
9
Let a be (20/(-3))/(4/(-36)). Suppose 0 = 4*n + w - 48, 3*w = 5*n + 4*w - a. What is the greatest common divisor of 8 and n?
4
Let z = 42 + -14. Let x(b) = -4*b**2 - 4*b + 28 - b**3 - 54 + 24. Let r be x(-4). Calculate the highest common divisor of r and z.
14
Let w = 932 - 516. Suppose 5*r + 427 = 4*d, -2*r - w = -3*d - 101. Suppose d + 212 = 3*h. Calculate the greatest common divisor of 42 and h.
21
Let b(f) = 2*f**2 + 5*f + 2. Let o be b(-3). Suppose -o*r = 0, -5*v + 3*r = -0*v - 90. Let y = -94 + 238. Calculate the highest common factor of v and y.
18
Suppose -2*i + 2 = -6, 2*s = 2*i + 36. What is the greatest common factor of 198 and s?
22
Let h = -398 + 524. Suppose y = 26 - 8. What is the greatest common factor of h and y?
18
Let x(m) = -3*m - 3. Let b be x(-4). Suppose -3*h = -25 - 11. What is the highest common factor of h and b?
3
Let k be (6 - 5) + (-109)/(-2)*2. Suppose n + z = -n + 49, -5*z = 5*n - k. What is the greatest common divisor of n and 3?
3
Suppose 155 = 5*u - 5*n, -u + 13 = 5*n - 0*n. Let q(g) = -g**2 + 3*g + 17. Let f be q(5). What is the greatest common factor of u and f?
7
Let u be ((-132)/16)/(2/(-16)). Calculate the greatest common factor of u and 12.
6
Let v(b) = 2*b**2 + 3. Let j be v(6). Suppose 5*r = -2*d + 70, 5*r + 43 - 23 = 0. Calculate the greatest common factor of j and d.
